{"id":370,"date":"2021-01-13T17:10:24","date_gmt":"2021-01-13T17:10:24","guid":{"rendered":"https:\/\/novo2.drandremansano.com.br\/dores-nos-pes-copy\/"},"modified":"2021-01-13T17:10:24","modified_gmt":"2021-01-13T17:10:24","slug":"dor-discogenica","status":"publish","type":"page","link":"https:\/\/drandremansano.com.br\/index.php\/dor-discogenica\/","title":{"rendered":"Dor discog\u00eanica"},"content":{"rendered":"\t\t<div data-elementor-type=\"wp-page\" data-elementor-id=\"370\" class=\"elementor elementor-370\">\n\t\t\t\t\t\t<section class=\"elementor-section elementor-top-section elementor-element elementor-element-6319a4c5 elementor-section-boxed elementor-section-height-default elementor-section-height-default wpr-particle-no wpr-jarallax-no wpr-parallax-no wpr-sticky-section-no wpr-equal-height-no\" data-id=\"6319a4c5\" data-element_type=\"section\" data-settings=\"{&quot;background_background&quot;:&quot;classic&quot;}\">\n\t\t\t\t\t\t<div class=\"elementor-container elementor-column-gap-default\">\n\t\t\t\t\t<div class=\"elementor-column elementor-col-50 elementor-top-column elementor-element elementor-element-56e92b7\" data-id=\"56e92b7\" data-element_type=\"column\">\n\t\t\t<div class=\"elementor-widget-wrap elementor-element-populated\">\n\t\t\t\t\t\t<div class=\"elementor-element elementor-element-599831b2 elementor-widget elementor-widget-image\" data-id=\"599831b2\" data-element_type=\"widget\" data-widget_type=\"image.default\">\n\t\t\t\t<div class=\"elementor-widget-container\">\n\t\t\t\t\t\t\t\t\t\t\t\t\t<img decoding=\"async\" width=\"75\" height=\"78\" src=\"https:\/\/drandremansano.com.br\/wp-content\/uploads\/2021\/02\/logo-002.png\" class=\"attachment-large size-large wp-image-1561\" alt=\"\" \/>\t\t\t\t\t\t\t\t\t\t\t\t\t<\/div>\n\t\t\t\t<\/div>\n\t\t\t\t\t<\/div>\n\t\t<\/div>\n\t\t\t\t<div class=\"elementor-column elementor-col-50 elementor-top-column elementor-element elementor-element-585efd8c\" data-id=\"585efd8c\" data-element_type=\"column\">\n\t\t\t<div class=\"elementor-widget-wrap elementor-element-populated\">\n\t\t\t\t\t\t<div class=\"elementor-element elementor-element-4ef05ae4 elementor-widget elementor-widget-heading\" data-id=\"4ef05ae4\" data-element_type=\"widget\" data-widget_type=\"heading.default\">\n\t\t\t\t<div class=\"elementor-widget-container\">\n\t\t\t<h2 class=\"elementor-heading-title elementor-size-default\">dor discog\u00eanica<\/h2>\t\t<\/div>\n\t\t\t\t<\/div>\n\t\t\t\t\t<\/div>\n\t\t<\/div>\n\t\t\t\t\t<\/div>\n\t\t<\/section>\n\t\t\t\t<section class=\"elementor-section elementor-top-section elementor-element elementor-element-33050ed2 elementor-section-boxed elementor-section-height-default elementor-section-height-default wpr-particle-no wpr-jarallax-no wpr-parallax-no wpr-sticky-section-no wpr-equal-height-no\" data-id=\"33050ed2\" data-element_type=\"section\" data-settings=\"{&quot;background_background&quot;:&quot;classic&quot;}\">\n\t\t\t\t\t\t<div class=\"elementor-container elementor-column-gap-default\">\n\t\t\t\t\t<div class=\"elementor-column elementor-col-100 elementor-top-column elementor-element elementor-element-60d8a42d\" data-id=\"60d8a42d\" data-element_type=\"column\">\n\t\t\t<div class=\"elementor-widget-wrap elementor-element-populated\">\n\t\t\t\t\t\t<section class=\"elementor-section elementor-inner-section elementor-element elementor-element-63d4e04d elementor-section-boxed elementor-section-height-default elementor-section-height-default wpr-particle-no wpr-jarallax-no wpr-parallax-no wpr-sticky-section-no wpr-equal-height-no\" data-id=\"63d4e04d\" data-element_type=\"section\">\n\t\t\t\t\t\t<div class=\"elementor-container elementor-column-gap-default\">\n\t\t\t\t\t<div class=\"elementor-column elementor-col-50 elementor-inner-column elementor-element elementor-element-76158db\" data-id=\"76158db\" data-element_type=\"column\" data-settings=\"{&quot;background_background&quot;:&quot;classic&quot;}\">\n\t\t\t<div class=\"elementor-widget-wrap elementor-element-populated\">\n\t\t\t\t\t\t<div class=\"elementor-element elementor-element-39136336 elementor-widget-divider--view-line elementor-widget elementor-widget-divider\" data-id=\"39136336\" data-element_type=\"widget\" data-widget_type=\"divider.default\">\n\t\t\t\t<div class=\"elementor-widget-container\">\n\t\t\t\t\t<div class=\"elementor-divider\">\n\t\t\t<span class=\"elementor-divider-separator\">\n\t\t\t\t\t\t<\/span>\n\t\t<\/div>\n\t\t\t\t<\/div>\n\t\t\t\t<\/div>\n\t\t\t\t<div class=\"elementor-element elementor-element-598a0adb elementor-widget elementor-widget-text-editor\" data-id=\"598a0adb\" data-element_type=\"widget\" data-widget_type=\"text-editor.default\">\n\t\t\t\t<div class=\"elementor-widget-container\">\n\t\t\t\t\t\t\t<p><span style=\"font-weight: 400;\">Dor discog\u00eancia \u00e9 o termo que utilizamos para denominar dores originadas da degenera\u00e7\u00e3o do disco intervertebral. Ela \u00e9 diferente da dor causada pela h\u00e9rnia de disco e voc\u00eas entender\u00e3o isso no decorrer desse texto.<\/span><\/p>\t\t\t\t\t\t<\/div>\n\t\t\t\t<\/div>\n\t\t\t\t\t<\/div>\n\t\t<\/div>\n\t\t\t\t<div class=\"elementor-column elementor-col-50 elementor-inner-column elementor-element elementor-element-2cece26e\" data-id=\"2cece26e\" data-element_type=\"column\">\n\t\t\t<div class=\"elementor-widget-wrap\">\n\t\t\t\t\t\t\t<\/div>\n\t\t<\/div>\n\t\t\t\t\t<\/div>\n\t\t<\/section>\n\t\t\t\t\t<\/div>\n\t\t<\/div>\n\t\t\t\t\t<\/div>\n\t\t<\/section>\n\t\t\t\t<section class=\"elementor-section elementor-top-section elementor-element elementor-element-1964d0d2 elementor-section-boxed elementor-section-height-default elementor-section-height-default wpr-particle-no wpr-jarallax-no wpr-parallax-no wpr-sticky-section-no wpr-equal-height-no\" data-id=\"1964d0d2\" data-element_type=\"section\">\n\t\t\t\t\t\t\t<div class=\"elementor-background-overlay\"><\/div>\n\t\t\t\t\t\t\t<div class=\"elementor-container elementor-column-gap-default\">\n\t\t\t\t\t<div class=\"elementor-column elementor-col-50 elementor-top-column elementor-element elementor-element-5834e02d\" data-id=\"5834e02d\" data-element_type=\"column\">\n\t\t\t<div class=\"elementor-widget-wrap elementor-element-populated\">\n\t\t\t\t\t\t<div class=\"elementor-element elementor-element-3d950bda elementor-widget elementor-widget-image\" data-id=\"3d950bda\" data-element_type=\"widget\" data-widget_type=\"image.default\">\n\t\t\t\t<div class=\"elementor-widget-container\">\n\t\t\t\t\t\t\t\t\t\t\t\t\t<img fetchpriority=\"high\" decoding=\"async\" width=\"655\" height=\"811\" src=\"https:\/\/drandremansano.com.br\/wp-content\/uploads\/2021\/01\/teste2.jpg\" class=\"attachment-large size-large wp-image-750\" alt=\"\" srcset=\"https:\/\/drandremansano.com.br\/wp-content\/uploads\/2021\/01\/teste2.jpg 655w, https:\/\/drandremansano.com.br\/wp-content\/uploads\/2021\/01\/teste2-242x300.jpg 242w\" sizes=\"(max-width: 655px) 100vw, 655px\" \/>\t\t\t\t\t\t\t\t\t\t\t\t\t<\/div>\n\t\t\t\t<\/div>\n\t\t\t\t\t<\/div>\n\t\t<\/div>\n\t\t\t\t<div class=\"elementor-column elementor-col-50 elementor-top-column elementor-element elementor-element-616a0442\" data-id=\"616a0442\" data-element_type=\"column\">\n\t\t\t<div class=\"elementor-widget-wrap elementor-element-populated\">\n\t\t\t\t\t\t<div class=\"elementor-element elementor-element-63628ad6 elementor-widget-divider--view-line elementor-widget elementor-widget-divider\" data-id=\"63628ad6\" data-element_type=\"widget\" data-widget_type=\"divider.default\">\n\t\t\t\t<div class=\"elementor-widget-container\">\n\t\t\t\t\t<div class=\"elementor-divider\">\n\t\t\t<span class=\"elementor-divider-separator\">\n\t\t\t\t\t\t<\/span>\n\t\t<\/div>\n\t\t\t\t<\/div>\n\t\t\t\t<\/div>\n\t\t\t\t<div class=\"elementor-element elementor-element-26bd9b8a elementor-widget elementor-widget-heading\" data-id=\"26bd9b8a\" data-element_type=\"widget\" data-widget_type=\"heading.default\">\n\t\t\t\t<div class=\"elementor-widget-container\">\n\t\t\t<h2 class=\"elementor-heading-title elementor-size-default\">O que se sabe sobre\nA dor discog\u00eanica?<br><\/h2>\t\t<\/div>\n\t\t\t\t<\/div>\n\t\t\t\t<div class=\"elementor-element elementor-element-e695676 elementor-widget elementor-widget-toggle\" data-id=\"e695676\" data-element_type=\"widget\" data-widget_type=\"toggle.default\">\n\t\t\t\t<div class=\"elementor-widget-container\">\n\t\t\t\t\t<div class=\"elementor-toggle\">\n\t\t\t\t\t\t\t<div class=\"elementor-toggle-item\">\n\t\t\t\t\t<div id=\"elementor-tab-title-2411\" class=\"elementor-tab-title\" data-tab=\"1\" role=\"button\" aria-controls=\"elementor-tab-content-2411\" aria-expanded=\"false\">\n\t\t\t\t\t\t\t\t\t\t\t\t<span class=\"elementor-toggle-icon elementor-toggle-icon-right\" aria-hidden=\"true\">\n\t\t\t\t\t\t\t\t\t\t\t\t\t\t\t<span class=\"elementor-toggle-icon-closed\"><i class=\"fas fa-plus-circle\"><\/i><\/span>\n\t\t\t\t\t\t\t\t<span class=\"elementor-toggle-icon-opened\"><i class=\"elementor-toggle-icon-opened fas fa-plus\"><\/i><\/span>\n\t\t\t\t\t\t\t\t\t\t\t\t\t<\/span>\n\t\t\t\t\t\t\t\t\t\t\t\t<a class=\"elementor-toggle-title\" tabindex=\"0\">O QUE \u00c9 O DISCO INTERVERTEBRAL E POR QUE ELE PODE DOER?<\/a>\n\t\t\t\t\t<\/div>\n\n\t\t\t\t\t<div id=\"elementor-tab-content-2411\" class=\"elementor-tab-content elementor-clearfix\" data-tab=\"1\" role=\"region\" aria-labelledby=\"elementor-tab-title-2411\"><p><span style=\"font-weight: 400;\">Bom, o disco intervertebral \u00e9 uma estrutura que fica entre as v\u00e9rtebras da coluna vertebral. Ele \u00e9 composto basicamente de tr\u00eas partes.<\/span><\/p><p><span style=\"font-weight: 400;\"> <img decoding=\"async\" src=\"https:\/\/drandremansano.com.br\/wp-content\/uploads\/2021\/02\/Dor-discogenica_01-1.jpeg\" \/><br \/><\/span><\/p><p><span style=\"font-weight: 400;\">O n\u00facleo, mais gelatinoso, o \u00e2nulo que \u00e9 um pouco mais endurecido e duas placas terminais que s\u00e3o bem mais r\u00edgidas. A parte mais externa do disco intervertebral \u00e9 repleta de pequenos nervos sens\u00edveis \u00e0 dor.<\/span><\/p><p><img decoding=\"async\" src=\"https:\/\/drandremansano.com.br\/wp-content\/uploads\/2021\/02\/Dor-discogenica_02-1.jpeg\" \/><\/p><p><span style=\"font-weight: 400;\">Ocorre que o disco intervertebral est\u00e1 sujeito a degenera\u00e7\u00f5es desde a adolesc\u00eancia. Um alguns paicentes esse degenera\u00e7\u00e3o pode ser mais importante que em outros. Isso pode ocorrer por fatores gen\u00e9ticos, sobrecarga f\u00edsica, tabagismo e outros fatores ainda n\u00e3o completamente esclarecidos pela ci\u00eancia.<\/span><\/p><p><span style=\"font-weight: 400;\">O conte\u00fado interno \u00e9 mais \u00e1cido e pode atingir os pequenos nervos que citei anteriormente, causando as dores as quais chamamos de dor discog\u00eanica.<\/span><\/p><p><img decoding=\"async\" src=\"https:\/\/drandremansano.com.br\/wp-content\/uploads\/2021\/02\/Dor-discogenica_03.jpeg\" \/><\/p><\/div>\n\t\t\t\t<\/div>\n\t\t\t\t\t\t\t<div class=\"elementor-toggle-item\">\n\t\t\t\t\t<div id=\"elementor-tab-title-2412\" class=\"elementor-tab-title\" data-tab=\"2\" role=\"button\" aria-controls=\"elementor-tab-content-2412\" aria-expanded=\"false\">\n\t\t\t\t\t\t\t\t\t\t\t\t<span class=\"elementor-toggle-icon elementor-toggle-icon-right\" aria-hidden=\"true\">\n\t\t\t\t\t\t\t\t\t\t\t\t\t\t\t<span class=\"elementor-toggle-icon-closed\"><i class=\"fas fa-plus-circle\"><\/i><\/span>\n\t\t\t\t\t\t\t\t<span class=\"elementor-toggle-icon-opened\"><i class=\"elementor-toggle-icon-opened fas fa-plus\"><\/i><\/span>\n\t\t\t\t\t\t\t\t\t\t\t\t\t<\/span>\n\t\t\t\t\t\t\t\t\t\t\t\t<a class=\"elementor-toggle-title\" tabindex=\"0\">COMO S\u00c3O AS DORES ORIGINADAS DO DISCO?<\/a>\n\t\t\t\t\t<\/div>\n\n\t\t\t\t\t<div id=\"elementor-tab-content-2412\" class=\"elementor-tab-content elementor-clearfix\" data-tab=\"2\" role=\"region\" aria-labelledby=\"elementor-tab-title-2412\"><p><span style=\"font-weight: 400;\">O padr\u00e3o de dor originada do disco intervertebral pode ser muito variado. A maioria dos pacientes queixam-se de dores na parte baixa das costas, eventualmente nos g\u00fateos e parte de tr\u00e1s das coxas. <\/span><\/p><p><img decoding=\"async\" src=\"https:\/\/drandremansano.com.br\/wp-content\/uploads\/2021\/02\/Dor-discogenica_04-1.jpeg\" \/><\/p><p><span style=\"font-weight: 400;\">Muitos referem dores ao curvar o corpo para frente ou para voltar \u00e0 posi\u00e7\u00e3o ereta depois de estarem curvados.<\/span><\/p><\/div>\n\t\t\t\t<\/div>\n\t\t\t\t\t\t\t<div class=\"elementor-toggle-item\">\n\t\t\t\t\t<div id=\"elementor-tab-title-2413\" class=\"elementor-tab-title\" data-tab=\"3\" role=\"button\" aria-controls=\"elementor-tab-content-2413\" aria-expanded=\"false\">\n\t\t\t\t\t\t\t\t\t\t\t\t<span class=\"elementor-toggle-icon elementor-toggle-icon-right\" aria-hidden=\"true\">\n\t\t\t\t\t\t\t\t\t\t\t\t\t\t\t<span class=\"elementor-toggle-icon-closed\"><i class=\"fas fa-plus-circle\"><\/i><\/span>\n\t\t\t\t\t\t\t\t<span class=\"elementor-toggle-icon-opened\"><i class=\"elementor-toggle-icon-opened fas fa-plus\"><\/i><\/span>\n\t\t\t\t\t\t\t\t\t\t\t\t\t<\/span>\n\t\t\t\t\t\t\t\t\t\t\t\t<a class=\"elementor-toggle-title\" tabindex=\"0\">COMO \u00c9 FEITO O DIAGN\u00d3STICO?<\/a>\n\t\t\t\t\t<\/div>\n\n\t\t\t\t\t<div id=\"elementor-tab-content-2413\" class=\"elementor-tab-content elementor-clearfix\" data-tab=\"3\" role=\"region\" aria-labelledby=\"elementor-tab-title-2413\"><p><span style=\"font-weight: 400;\">O diagn\u00f3stico da dor discog\u00eanica \u00e9 feito atrav\u00e9s da an\u00e1lise da hist\u00f3ria cl\u00ednica (caracter\u00edsticas da dor), exame f\u00edsico (usualmente o paciente tem dor quando palpamos a regi\u00e3o atr\u00e1s do disco) e da resson\u00e2ncia nuclear magn\u00e9tica.<\/span><\/p><p><span style=\"font-weight: 400;\">A an\u00e1lise da resson\u00e2ncia deve ser feita com cautela pois sabemos que in\u00fameros pacientes t\u00eam degenera\u00e7\u00e3o do disco intervertebral sem que isso seja causa de dor.<\/span><\/p><p><img decoding=\"async\" src=\"https:\/\/drandremansano.com.br\/wp-content\/uploads\/2021\/02\/Dor-discogenica_05-1.jpg\" \/><\/p><p><span style=\"font-weight: 400;\">Em alguns casos espec\u00edficos lan\u00e7amos m\u00e3o de um bloqueio diagn\u00f3stico. Para isso \u00e9 realizada uma infiltra\u00e7\u00e3o de anest\u00e9sico dentro do disco intervertebral com posterior avalia\u00e7\u00e3o da dor do paciente. Caso o paciente tenha melhora das dores podemos dizer com maior grau de certeza que de fato as dores vinham do disco.<\/span><\/p><\/div>\n\t\t\t\t<\/div>\n\t\t\t\t\t\t\t<div class=\"elementor-toggle-item\">\n\t\t\t\t\t<div id=\"elementor-tab-title-2414\" class=\"elementor-tab-title\" data-tab=\"4\" role=\"button\" aria-controls=\"elementor-tab-content-2414\" aria-expanded=\"false\">\n\t\t\t\t\t\t\t\t\t\t\t\t<span class=\"elementor-toggle-icon elementor-toggle-icon-right\" aria-hidden=\"true\">\n\t\t\t\t\t\t\t\t\t\t\t\t\t\t\t<span class=\"elementor-toggle-icon-closed\"><i class=\"fas fa-plus-circle\"><\/i><\/span>\n\t\t\t\t\t\t\t\t<span class=\"elementor-toggle-icon-opened\"><i class=\"elementor-toggle-icon-opened fas fa-plus\"><\/i><\/span>\n\t\t\t\t\t\t\t\t\t\t\t\t\t<\/span>\n\t\t\t\t\t\t\t\t\t\t\t\t<a class=\"elementor-toggle-title\" tabindex=\"0\">COMO \u00c9 FEITO O TRATAMENTO<\/a>\n\t\t\t\t\t<\/div>\n\n\t\t\t\t\t<div id=\"elementor-tab-content-2414\" class=\"elementor-tab-content elementor-clearfix\" data-tab=\"4\" role=\"region\" aria-labelledby=\"elementor-tab-title-2414\"><p><span style=\"font-weight: 400;\">O tratamento de qualquer dor causada pela degenera\u00e7\u00e3o da coluna vertebral inclui o emprego de uma fisioterapia especializada associada a alguns medicamentos analg\u00e9sicos.<\/span><\/p><p><span style=\"font-weight: 400;\">Quando essa combina\u00e7\u00e3o n\u00e3o traz bons resultados devemos optar por procedimentos minimamente invasivos. Temos v\u00e1rios procedimentos \u00e0 nossa disposi\u00e7\u00e3o.<\/span><\/p><p><span style=\"font-weight: 400;\">Alguns incluem a inje\u00e7\u00e3o de subst\u00e2ncias anest\u00e9sicas e anti-inflamat\u00f3rias dentro do disco intervertebral.<\/span><\/p><p><span style=\"font-weight: 400;\">Em casos mais graves podemos queimar os nervinhos que ficam na parte posterior do disco intervertebral com aux\u00edlio de agulhas especializadas.<\/span><\/p><\/div>\n\t\t\t\t<\/div>\n\t\t\t\t\t\t\t<div class=\"elementor-toggle-item\">\n\t\t\t\t\t<div id=\"elementor-tab-title-2415\" class=\"elementor-tab-title\" data-tab=\"5\" role=\"button\" aria-controls=\"elementor-tab-content-2415\" aria-expanded=\"false\">\n\t\t\t\t\t\t\t\t\t\t\t\t<span class=\"elementor-toggle-icon elementor-toggle-icon-right\" aria-hidden=\"true\">\n\t\t\t\t\t\t\t\t\t\t\t\t\t\t\t<span class=\"elementor-toggle-icon-closed\"><i class=\"fas fa-plus-circle\"><\/i><\/span>\n\t\t\t\t\t\t\t\t<span class=\"elementor-toggle-icon-opened\"><i class=\"elementor-toggle-icon-opened fas fa-plus\"><\/i><\/span>\n\t\t\t\t\t\t\t\t\t\t\t\t\t<\/span>\n\t\t\t\t\t\t\t\t\t\t\t\t<a class=\"elementor-toggle-title\" tabindex=\"0\">TENHO DOR DISCOG\u00caNICA: PRECISO OPERAR?<\/a>\n\t\t\t\t\t<\/div>\n\n\t\t\t\t\t<div id=\"elementor-tab-content-2415\" class=\"elementor-tab-content elementor-clearfix\" data-tab=\"5\" role=\"region\" aria-labelledby=\"elementor-tab-title-2415\"><p><span style=\"font-weight: 400;\">Tentamos evitar ao m\u00e1ximo cirurgias para degenera\u00e7\u00f5es do disco intervertebral, exceto para alguns casos de h\u00e9rnias com caracter\u00edsticas espec\u00edficas (vide link para h\u00e9rnia de disco).<\/span><\/p><p><span style=\"font-weight: 400;\">A cirurgia para dor discog\u00eanica usualmente envolve troca do disco intervertebral com coloca\u00e7\u00e3o de pinos e parafusos na coluna (artrodese). N\u00e3o raro isso pode eventualmente at\u00e9 piorar o quadro, Em resumo deixamos a cirurgia com \u00faltima op\u00e7\u00e3o.<\/span><\/p><\/div>\n\t\t\t\t<\/div>\n\t\t\t\t\t\t\t<div class=\"elementor-toggle-item\">\n\t\t\t\t\t<div id=\"elementor-tab-title-2416\" class=\"elementor-tab-title\" data-tab=\"6\" role=\"button\" aria-controls=\"elementor-tab-content-2416\" aria-expanded=\"false\">\n\t\t\t\t\t\t\t\t\t\t\t\t<span class=\"elementor-toggle-icon elementor-toggle-icon-right\" aria-hidden=\"true\">\n\t\t\t\t\t\t\t\t\t\t\t\t\t\t\t<span class=\"elementor-toggle-icon-closed\"><i class=\"fas fa-plus-circle\"><\/i><\/span>\n\t\t\t\t\t\t\t\t<span class=\"elementor-toggle-icon-opened\"><i class=\"elementor-toggle-icon-opened fas fa-plus\"><\/i><\/span>\n\t\t\t\t\t\t\t\t\t\t\t\t\t<\/span>\n\t\t\t\t\t\t\t\t\t\t\t\t<a class=\"elementor-toggle-title\" tabindex=\"0\">TENHO DOR DISCOG\u00caNICA: POSSO FAZER ATIVIDADES F\u00cdSICAS?<\/a>\n\t\t\t\t\t<\/div>\n\n\t\t\t\t\t<div id=\"elementor-tab-content-2416\" class=\"elementor-tab-content elementor-clearfix\" data-tab=\"6\" role=\"region\" aria-labelledby=\"elementor-tab-title-2416\"><p><span style=\"font-weight: 400;\">Essa \u00e9 uma pergunta muito frequente e muito importante. A resposta \u00e9 mais do eu sim, a resposta \u00e9 \u201cdeve\u201d. O sedentarismo \u00e9 p\u00e9ssimo para dores originadas de processos degenerativos da coluna. O ideal \u00e9 que seus exerc\u00edcios sejam orientados por uma equipe especializada.<\/span><\/p><\/div>\n\t\t\t\t<\/div>\n\t\t\t\t\t\t\t\t<\/div>\n\t\t\t\t<\/div>\n\t\t\t\t<\/div>\n\t\t\t\t\t<\/div>\n\t\t<\/div>\n\t\t\t\t\t<\/div>\n\t\t<\/section>\n\t\t\t\t<\/div>\n\t\t","protected":false},"excerpt":{"rendered":"<p>dor discog\u00eanica Dor discog\u00eancia \u00e9 o termo que utilizamos para denominar dores originadas da degenera\u00e7\u00e3o do disco intervertebral. Ela \u00e9 diferente da dor causada pela h\u00e9rnia de disco e voc\u00eas entender\u00e3o isso no decorrer desse texto. O que se sabe sobre A dor discog\u00eanica? O QUE \u00c9 O DISCO INTERVERTEBRAL E POR QUE ELE PODE DOER? Bom, o disco intervertebral \u00e9 uma estrutura que fica entre as v\u00e9rtebras da coluna vertebral. Ele \u00e9 composto basicamente de tr\u00eas partes. O n\u00facleo, mais gelatinoso, o \u00e2nulo que \u00e9 um pouco mais endurecido e duas placas terminais que s\u00e3o bem mais r\u00edgidas. A parte mais externa do disco intervertebral \u00e9 repleta de pequenos nervos sens\u00edveis \u00e0 dor. Ocorre que o disco intervertebral est\u00e1 sujeito a degenera\u00e7\u00f5es desde a adolesc\u00eancia. Um alguns paicentes esse degenera\u00e7\u00e3o pode ser mais importante que em outros. Isso pode ocorrer por fatores gen\u00e9ticos, sobrecarga f\u00edsica, tabagismo e outros fatores ainda n\u00e3o completamente esclarecidos pela ci\u00eancia. O conte\u00fado interno \u00e9 mais \u00e1cido e pode atingir os pequenos nervos que citei anteriormente, causando as dores as quais chamamos de dor discog\u00eanica. COMO S\u00c3O AS DORES ORIGINADAS DO DISCO? O padr\u00e3o de dor originada do disco intervertebral pode ser muito variado. A maioria dos pacientes queixam-se de dores na parte baixa das costas, eventualmente nos g\u00fateos e parte de tr\u00e1s das coxas. Muitos referem dores ao curvar o corpo para frente ou para voltar \u00e0 posi\u00e7\u00e3o ereta depois de estarem curvados. COMO \u00c9 FEITO O DIAGN\u00d3STICO? O diagn\u00f3stico da dor discog\u00eanica \u00e9 feito atrav\u00e9s da an\u00e1lise da hist\u00f3ria cl\u00ednica (caracter\u00edsticas da dor), exame f\u00edsico (usualmente o paciente tem dor quando palpamos a regi\u00e3o atr\u00e1s do disco) e da resson\u00e2ncia nuclear magn\u00e9tica. A an\u00e1lise da resson\u00e2ncia deve ser feita com cautela pois sabemos que in\u00fameros pacientes t\u00eam degenera\u00e7\u00e3o do disco intervertebral sem que isso seja causa de dor. Em alguns casos espec\u00edficos lan\u00e7amos m\u00e3o de um bloqueio diagn\u00f3stico. Para isso \u00e9 realizada uma infiltra\u00e7\u00e3o de anest\u00e9sico dentro do disco intervertebral com posterior avalia\u00e7\u00e3o da dor do paciente. Caso o paciente tenha melhora das dores podemos dizer com maior grau de certeza que de fato as dores vinham do disco. COMO \u00c9 FEITO O TRATAMENTO O tratamento de qualquer dor causada pela degenera\u00e7\u00e3o da coluna vertebral inclui o emprego de uma fisioterapia especializada associada a alguns medicamentos analg\u00e9sicos. Quando essa combina\u00e7\u00e3o n\u00e3o traz bons resultados devemos optar por procedimentos minimamente invasivos. Temos v\u00e1rios procedimentos \u00e0 nossa disposi\u00e7\u00e3o. Alguns incluem a inje\u00e7\u00e3o de subst\u00e2ncias anest\u00e9sicas e anti-inflamat\u00f3rias dentro do disco intervertebral. Em casos mais graves podemos queimar os nervinhos que ficam na parte posterior do disco intervertebral com aux\u00edlio de agulhas especializadas. TENHO DOR DISCOG\u00caNICA: PRECISO OPERAR? Tentamos evitar ao m\u00e1ximo cirurgias para degenera\u00e7\u00f5es do disco intervertebral, exceto para alguns casos de h\u00e9rnias com caracter\u00edsticas espec\u00edficas (vide link para h\u00e9rnia de disco). A cirurgia para dor discog\u00eanica usualmente envolve troca do disco intervertebral com coloca\u00e7\u00e3o de pinos e parafusos na coluna (artrodese). N\u00e3o raro isso pode eventualmente at\u00e9 piorar o quadro, Em resumo deixamos a cirurgia com \u00faltima op\u00e7\u00e3o. TENHO DOR DISCOG\u00caNICA: POSSO FAZER ATIVIDADES F\u00cdSICAS? Essa \u00e9 uma pergunta muito frequente e muito importante. A resposta \u00e9 mais do eu sim, a resposta \u00e9 \u201cdeve\u201d. O sedentarismo \u00e9 p\u00e9ssimo para dores originadas de processos degenerativos da coluna. O ideal \u00e9 que seus exerc\u00edcios sejam orientados por uma equipe especializada.<\/p>\n","protected":false},"author":1,"featured_media":0,"parent":0,"menu_order":0,"comment_status":"closed","ping_status":"closed","template":"elementor_header_footer","meta":{"_joinchat":[],"footnotes":""},"class_list":["post-370","page","type-page","status-publish","hentry"],"_links":{"self":[{"href":"https:\/\/drandremansano.com.br\/index.php\/wp-json\/wp\/v2\/pages\/370"}],"collection":[{"href":"https:\/\/drandremansano.com.br\/index.php\/wp-json\/wp\/v2\/pages"}],"about":[{"href":"https:\/\/drandremansano.com.br\/index.php\/wp-json\/wp\/v2\/types\/page"}],"author":[{"embeddable":true,"href":"https:\/\/drandremansano.com.br\/index.php\/wp-json\/wp\/v2\/users\/1"}],"replies":[{"embeddable":true,"href":"https:\/\/drandremansano.com.br\/index.php\/wp-json\/wp\/v2\/comments?post=370"}],"version-history":[{"count":0,"href":"https:\/\/drandremansano.com.br\/index.php\/wp-json\/wp\/v2\/pages\/370\/revisions"}],"wp:attachment":[{"href":"https:\/\/drandremansano.com.br\/index.php\/wp-json\/wp\/v2\/media?parent=370"}],"curies":[{"name":"wp","href":"https:\/\/api.w.org\/{rel}","templated":true}]}}