{"id":2924,"date":"2021-03-24T17:33:37","date_gmt":"2021-03-24T17:33:37","guid":{"rendered":"https:\/\/novo2.drandremansano.com.br\/dores-de-cabeca-copy\/"},"modified":"2021-03-24T17:33:37","modified_gmt":"2021-03-24T17:33:37","slug":"neuralgia-do-pudendo","status":"publish","type":"page","link":"https:\/\/drandremansano.com.br\/index.php\/neuralgia-do-pudendo\/","title":{"rendered":"NEURALGIA DO PUDENDO"},"content":{"rendered":"\t\t<div data-elementor-type=\"wp-page\" data-elementor-id=\"2924\" class=\"elementor elementor-2924\">\n\t\t\t\t\t\t<section class=\"elementor-section elementor-top-section elementor-element elementor-element-6b913e09 elementor-section-boxed elementor-section-height-default elementor-section-height-default wpr-particle-no wpr-jarallax-no wpr-parallax-no wpr-sticky-section-no wpr-column-slider-no wpr-equal-height-no\" data-id=\"6b913e09\" data-element_type=\"section\" data-settings=\"{&quot;background_background&quot;:&quot;classic&quot;}\">\n\t\t\t\t\t\t<div class=\"elementor-container elementor-column-gap-default\">\n\t\t\t\t\t<div class=\"elementor-column elementor-col-50 elementor-top-column elementor-element elementor-element-586c320b\" data-id=\"586c320b\" data-element_type=\"column\">\n\t\t\t<div class=\"elementor-widget-wrap elementor-element-populated\">\n\t\t\t\t\t\t<div class=\"elementor-element elementor-element-3c3340ae elementor-widget elementor-widget-image\" data-id=\"3c3340ae\" data-element_type=\"widget\" data-widget_type=\"image.default\">\n\t\t\t\t<div class=\"elementor-widget-container\">\n\t\t\t\t\t\t\t\t\t\t\t\t\t<img decoding=\"async\" src=\"https:\/\/drandremansano.com.br\/wp-content\/uploads\/2020\/12\/logo-003.png\" title=\"\" alt=\"\" loading=\"lazy\" \/>\t\t\t\t\t\t\t\t\t\t\t\t\t<\/div>\n\t\t\t\t<\/div>\n\t\t\t\t\t<\/div>\n\t\t<\/div>\n\t\t\t\t<div class=\"elementor-column elementor-col-50 elementor-top-column elementor-element elementor-element-5a8648a9\" data-id=\"5a8648a9\" data-element_type=\"column\">\n\t\t\t<div class=\"elementor-widget-wrap elementor-element-populated\">\n\t\t\t\t\t\t<div class=\"elementor-element elementor-element-6eaffa2b elementor-widget elementor-widget-heading\" data-id=\"6eaffa2b\" data-element_type=\"widget\" data-widget_type=\"heading.default\">\n\t\t\t\t<div class=\"elementor-widget-container\">\n\t\t\t<h2 class=\"elementor-heading-title elementor-size-default\">Neuralgia do Pudendo<\/h2>\t\t<\/div>\n\t\t\t\t<\/div>\n\t\t\t\t\t<\/div>\n\t\t<\/div>\n\t\t\t\t\t<\/div>\n\t\t<\/section>\n\t\t\t\t<section class=\"elementor-section elementor-top-section elementor-element elementor-element-73178bb0 elementor-section-boxed elementor-section-height-default elementor-section-height-default wpr-particle-no wpr-jarallax-no wpr-parallax-no wpr-sticky-section-no wpr-column-slider-no wpr-equal-height-no\" data-id=\"73178bb0\" data-element_type=\"section\" data-settings=\"{&quot;background_background&quot;:&quot;classic&quot;}\">\n\t\t\t\t\t\t<div class=\"elementor-container elementor-column-gap-default\">\n\t\t\t\t\t<div class=\"elementor-column elementor-col-100 elementor-top-column elementor-element elementor-element-5f69892e\" data-id=\"5f69892e\" data-element_type=\"column\">\n\t\t\t<div class=\"elementor-widget-wrap elementor-element-populated\">\n\t\t\t\t\t\t<section class=\"elementor-section elementor-inner-section elementor-element elementor-element-56716b16 elementor-section-boxed elementor-section-height-default elementor-section-height-default wpr-particle-no wpr-jarallax-no wpr-parallax-no wpr-sticky-section-no wpr-column-slider-no wpr-equal-height-no\" data-id=\"56716b16\" data-element_type=\"section\">\n\t\t\t\t\t\t<div class=\"elementor-container elementor-column-gap-default\">\n\t\t\t\t\t<div class=\"elementor-column elementor-col-50 elementor-inner-column elementor-element elementor-element-60eeef13\" data-id=\"60eeef13\" data-element_type=\"column\" data-settings=\"{&quot;background_background&quot;:&quot;classic&quot;}\">\n\t\t\t<div class=\"elementor-widget-wrap elementor-element-populated\">\n\t\t\t\t\t\t<div class=\"elementor-element elementor-element-3b7dc2c1 elementor-widget-divider--view-line elementor-widget elementor-widget-divider\" data-id=\"3b7dc2c1\" data-element_type=\"widget\" data-widget_type=\"divider.default\">\n\t\t\t\t<div class=\"elementor-widget-container\">\n\t\t\t\t\t<div class=\"elementor-divider\">\n\t\t\t<span class=\"elementor-divider-separator\">\n\t\t\t\t\t\t<\/span>\n\t\t<\/div>\n\t\t\t\t<\/div>\n\t\t\t\t<\/div>\n\t\t\t\t<div class=\"elementor-element elementor-element-3d6cfb7f elementor-widget elementor-widget-text-editor\" data-id=\"3d6cfb7f\" data-element_type=\"widget\" data-widget_type=\"text-editor.default\">\n\t\t\t\t<div class=\"elementor-widget-container\">\n\t\t\t\t\t\t\t<p>O nervo pudendo \u00e9 originado das ra\u00edzes nervosas sacrais (parte mais baixa da coluna) e passa na regi\u00e3o do per\u00edneo, inervando esse regi\u00e3o.<\/p><p>A neuralgia do nervo pudendo \u00e9 uma das principais causas de dor perineal. O paciente usualmente apresenta um quadro de dor que vai da regi\u00e3o do \u00e2nus at\u00e9 o p\u00eanis (em homens) ou at\u00e9 o clit\u00f3ris (em mulheres).<\/p><p>A dor pode ser superficial ou sentida em regi\u00f5es mais profundas da regi\u00e3o retal, vaginal ou mesmo na uretra, \u00e0s vezes com a sensa\u00e7\u00e3o de que um corpo estranho ocupa essas regi\u00f5es.<\/p><p>A maioria dos pacientes que queixa de dor principalmente quando permanece sentado, o que refor\u00e7a a hip\u00f3tese de que a compress\u00e3o do nervo seja a respons\u00e1vel pelo quadro cl\u00ednico.<\/p><p>Outro ponto que refor\u00e7a essa hip\u00f3tese \u00e9 o al\u00edvio da dor obtido quando paciente senta no vaso sanit\u00e1rio (a parte vasada do assento promove a libera\u00e7\u00e3o da compress\u00e3o do nervo).<\/p><p>Outra caracter\u00edstica comum \u00e9 a piora da dor no decorrer do dia. Os pacientes n\u00e3o costumam acordar \u00e0 noite devido \u00e0 dor.<\/p><p>O bloqueio do nervo pudendo, guiado pelo ultrassom, raio-X ou tomografia confirma o diagn\u00f3stico.<\/p><p>A infiltra\u00e7\u00e3o do nervo com corticosteroides ou a radiofrequ\u00eancia s\u00e3o boas op\u00e7\u00f5es de tratamento. \u00c9 fundamental que a(o) paciente realize uma fisioterapia especializada em assoalho p\u00e9lvico. Em casos mais raros a cirurgia de descompress\u00e3o do nervo \u00e9 necess\u00e1ria.<\/p>\t\t\t\t\t\t<\/div>\n\t\t\t\t<\/div>\n\t\t\t\t\t<\/div>\n\t\t<\/div>\n\t\t\t\t<div class=\"elementor-column elementor-col-50 elementor-inner-column elementor-element elementor-element-3928301d\" data-id=\"3928301d\" data-element_type=\"column\">\n\t\t\t<div class=\"elementor-widget-wrap\">\n\t\t\t\t\t\t\t<\/div>\n\t\t<\/div>\n\t\t\t\t\t<\/div>\n\t\t<\/section>\n\t\t\t\t\t<\/div>\n\t\t<\/div>\n\t\t\t\t\t<\/div>\n\t\t<\/section>\n\t\t\t\t<\/div>\n\t\t","protected":false},"excerpt":{"rendered":"<p>Neuralgia do Pudendo O nervo pudendo \u00e9 originado das ra\u00edzes nervosas sacrais (parte mais baixa da coluna) e passa na regi\u00e3o do per\u00edneo, inervando esse regi\u00e3o. A neuralgia do nervo pudendo \u00e9 uma das principais causas de dor perineal. O paciente usualmente apresenta um quadro de dor que vai da regi\u00e3o do \u00e2nus at\u00e9 o p\u00eanis (em homens) ou at\u00e9 o clit\u00f3ris (em mulheres). A dor pode ser superficial ou sentida em regi\u00f5es mais profundas da regi\u00e3o retal, vaginal ou mesmo na uretra, \u00e0s vezes com a sensa\u00e7\u00e3o de que um corpo estranho ocupa essas regi\u00f5es. A maioria dos pacientes que queixa de dor principalmente quando permanece sentado, o que refor\u00e7a a hip\u00f3tese de que a compress\u00e3o do nervo seja a respons\u00e1vel pelo quadro cl\u00ednico. Outro ponto que refor\u00e7a essa hip\u00f3tese \u00e9 o al\u00edvio da dor obtido quando paciente senta no vaso sanit\u00e1rio (a parte vasada do assento promove a libera\u00e7\u00e3o da compress\u00e3o do nervo). Outra caracter\u00edstica comum \u00e9 a piora da dor no decorrer do dia. Os pacientes n\u00e3o costumam acordar \u00e0 noite devido \u00e0 dor. O bloqueio do nervo pudendo, guiado pelo ultrassom, raio-X ou tomografia confirma o diagn\u00f3stico. A infiltra\u00e7\u00e3o do nervo com corticosteroides ou a radiofrequ\u00eancia s\u00e3o boas op\u00e7\u00f5es de tratamento. \u00c9 fundamental que a(o) paciente realize uma fisioterapia especializada em assoalho p\u00e9lvico. Em casos mais raros a cirurgia de descompress\u00e3o do nervo \u00e9 necess\u00e1ria.<\/p>\n","protected":false},"author":1,"featured_media":0,"parent":0,"menu_order":0,"comment_status":"closed","ping_status":"closed","template":"elementor_header_footer","meta":{"_joinchat":[],"footnotes":""},"class_list":["post-2924","page","type-page","status-publish","hentry"],"_links":{"self":[{"href":"https:\/\/drandremansano.com.br\/index.php\/wp-json\/wp\/v2\/pages\/2924"}],"collection":[{"href":"https:\/\/drandremansano.com.br\/index.php\/wp-json\/wp\/v2\/pages"}],"about":[{"href":"https:\/\/drandremansano.com.br\/index.php\/wp-json\/wp\/v2\/types\/page"}],"author":[{"embeddable":true,"href":"https:\/\/drandremansano.com.br\/index.php\/wp-json\/wp\/v2\/users\/1"}],"replies":[{"embeddable":true,"href":"https:\/\/drandremansano.com.br\/index.php\/wp-json\/wp\/v2\/comments?post=2924"}],"version-history":[{"count":0,"href":"https:\/\/drandremansano.com.br\/index.php\/wp-json\/wp\/v2\/pages\/2924\/revisions"}],"wp:attachment":[{"href":"https:\/\/drandremansano.com.br\/index.php\/wp-json\/wp\/v2\/media?parent=2924"}],"curies":[{"name":"wp","href":"https:\/\/api.w.org\/{rel}","templated":true}]}}