{"id":1608,"date":"2021-02-02T15:43:48","date_gmt":"2021-02-02T15:43:48","guid":{"rendered":"https:\/\/novo2.drandremansano.com.br\/neuropatia-diabetica-copy\/"},"modified":"2021-02-02T15:43:48","modified_gmt":"2021-02-02T15:43:48","slug":"radiofrequencia","status":"publish","type":"page","link":"https:\/\/drandremansano.com.br\/index.php\/radiofrequencia\/","title":{"rendered":"Radiofrequ\u00eancia"},"content":{"rendered":"\t\t<div data-elementor-type=\"wp-page\" data-elementor-id=\"1608\" class=\"elementor elementor-1608\">\n\t\t\t\t\t\t<section class=\"elementor-section elementor-top-section elementor-element elementor-element-55f208f2 elementor-section-boxed elementor-section-height-default elementor-section-height-default wpr-particle-no wpr-jarallax-no wpr-parallax-no wpr-sticky-section-no wpr-equal-height-no\" data-id=\"55f208f2\" data-element_type=\"section\" data-settings=\"{&quot;background_background&quot;:&quot;classic&quot;}\">\n\t\t\t\t\t\t<div class=\"elementor-container elementor-column-gap-default\">\n\t\t\t\t\t<div class=\"elementor-column elementor-col-50 elementor-top-column elementor-element elementor-element-473e89e9\" data-id=\"473e89e9\" data-element_type=\"column\">\n\t\t\t<div class=\"elementor-widget-wrap elementor-element-populated\">\n\t\t\t\t\t\t<div class=\"elementor-element elementor-element-2cdf88ed elementor-widget elementor-widget-image\" data-id=\"2cdf88ed\" data-element_type=\"widget\" data-widget_type=\"image.default\">\n\t\t\t\t<div class=\"elementor-widget-container\">\n\t\t\t\t\t\t\t\t\t\t\t\t\t<img decoding=\"async\" width=\"79\" height=\"82\" src=\"https:\/\/drandremansano.com.br\/wp-content\/uploads\/2021\/02\/a-dor-1.png\" class=\"attachment-large size-large wp-image-1643\" alt=\"\" \/>\t\t\t\t\t\t\t\t\t\t\t\t\t<\/div>\n\t\t\t\t<\/div>\n\t\t\t\t\t<\/div>\n\t\t<\/div>\n\t\t\t\t<div class=\"elementor-column elementor-col-50 elementor-top-column elementor-element elementor-element-1515bf32\" data-id=\"1515bf32\" data-element_type=\"column\">\n\t\t\t<div class=\"elementor-widget-wrap elementor-element-populated\">\n\t\t\t\t\t\t<div class=\"elementor-element elementor-element-3b4bee70 elementor-widget elementor-widget-heading\" data-id=\"3b4bee70\" data-element_type=\"widget\" data-widget_type=\"heading.default\">\n\t\t\t\t<div class=\"elementor-widget-container\">\n\t\t\t<h2 class=\"elementor-heading-title elementor-size-default\">RADIOFREQU\u00caNCIA<\/h2>\t\t<\/div>\n\t\t\t\t<\/div>\n\t\t\t\t\t<\/div>\n\t\t<\/div>\n\t\t\t\t\t<\/div>\n\t\t<\/section>\n\t\t\t\t<section class=\"elementor-section elementor-top-section elementor-element elementor-element-7a1735ec elementor-section-boxed elementor-section-height-default elementor-section-height-default wpr-particle-no wpr-jarallax-no wpr-parallax-no wpr-sticky-section-no wpr-equal-height-no\" data-id=\"7a1735ec\" data-element_type=\"section\">\n\t\t\t\t\t\t\t<div class=\"elementor-background-overlay\"><\/div>\n\t\t\t\t\t\t\t<div class=\"elementor-container elementor-column-gap-default\">\n\t\t\t\t\t<div class=\"elementor-column elementor-col-100 elementor-top-column elementor-element elementor-element-7a8488cd\" data-id=\"7a8488cd\" data-element_type=\"column\">\n\t\t\t<div class=\"elementor-widget-wrap elementor-element-populated\">\n\t\t\t\t\t\t<div class=\"elementor-element elementor-element-2cbfd01d elementor-widget-divider--view-line elementor-widget elementor-widget-divider\" data-id=\"2cbfd01d\" data-element_type=\"widget\" data-widget_type=\"divider.default\">\n\t\t\t\t<div class=\"elementor-widget-container\">\n\t\t\t\t\t<div class=\"elementor-divider\">\n\t\t\t<span class=\"elementor-divider-separator\">\n\t\t\t\t\t\t<\/span>\n\t\t<\/div>\n\t\t\t\t<\/div>\n\t\t\t\t<\/div>\n\t\t\t\t<div class=\"elementor-element elementor-element-f841081 elementor-widget elementor-widget-heading\" data-id=\"f841081\" data-element_type=\"widget\" data-widget_type=\"heading.default\">\n\t\t\t\t<div class=\"elementor-widget-container\">\n\t\t\t<h2 class=\"elementor-heading-title elementor-size-default\">COMO \u00c9 FEITO O TRATAMENTO DA NEURALGIA DO TRIG\u00caMEO?<\/h2>\t\t<\/div>\n\t\t\t\t<\/div>\n\t\t\t\t<div class=\"elementor-element elementor-element-71648e1 elementor-widget elementor-widget-text-editor\" data-id=\"71648e1\" data-element_type=\"widget\" data-widget_type=\"text-editor.default\">\n\t\t\t\t<div class=\"elementor-widget-container\">\n\t\t\t\t\t\t\t<p>Inicialmente o tratamento \u00e9 realizado com alguns medicamentos espec\u00edficos, em<br \/>especial anticonvulsivantes. Em 50 a 70% dos casos os medicamentos s\u00e3o suficientes<br \/>para o controle das dores do paciente.<br \/><br \/>Quando o tratamento medicamentoso n\u00e3o \u00e9 suficiente, podemos utilizar os<br \/>tratamentos minimamente invasivos sendo o mais utilizado a radiofrequ\u00eancia do<br \/>trig\u00eameo.<\/p>\t\t\t\t\t\t<\/div>\n\t\t\t\t<\/div>\n\t\t\t\t<div class=\"elementor-element elementor-element-4ded9fc elementor-widget elementor-widget-heading\" data-id=\"4ded9fc\" data-element_type=\"widget\" data-widget_type=\"heading.default\">\n\t\t\t\t<div class=\"elementor-widget-container\">\n\t\t\t<h2 class=\"elementor-heading-title elementor-size-default\">EM QUE CONSISTE A RADIOFREQU\u00caNCIA DO TRIGEMEO?\n<\/h2>\t\t<\/div>\n\t\t\t\t<\/div>\n\t\t\t\t<div class=\"elementor-element elementor-element-29fdc17 elementor-widget elementor-widget-text-editor\" data-id=\"29fdc17\" data-element_type=\"widget\" data-widget_type=\"text-editor.default\">\n\t\t\t\t<div class=\"elementor-widget-container\">\n\t\t\t\t\t\t\t<p><span style=\"font-weight: 400;\">A radiofrequ\u00eancia do nervo trigemeo consiste na<\/span> <span style=\"font-weight: 400;\">aplica\u00e7\u00e3o<\/span> <span style=\"font-weight: 400;\">de<\/span> <span style=\"font-weight: 400;\">uma<\/span> <span style=\"font-weight: 400;\">corrente<\/span> <span style=\"font-weight: 400;\">el\u00e9trica<\/span> <span style=\"font-weight: 400;\">no<\/span> <span style=\"font-weight: 400;\">nervo<\/span> <span style=\"font-weight: 400;\">trig\u00eameo<\/span><span style=\"font-weight: 400;\">, <\/span><span style=\"font-weight: 400;\">inativando<\/span><span style=\"font-weight: 400;\">&#8211;<\/span><span style=\"font-weight: 400;\">o<\/span><span style=\"font-weight: 400;\">. <\/span><span style=\"font-weight: 400;\">Uma agulha \u00e9 colocada ao lado do nervo afetado, por dentro dessa agulha \u00e9 colocado um eletrodo que, por sua vez, \u00e9 ligado a um gerador de radiofrequ\u00eancia. \u00c9 esse gerador que emitira as ondas de radiofrequ\u00eancia respons\u00e1veis pela inativa\u00e7\u00e3o do nervo.<\/span> <span style=\"font-weight: 400;\">O<\/span> <span style=\"font-weight: 400;\">tratamento<\/span> <span style=\"font-weight: 400;\">\u00e9<\/span> <span style=\"font-weight: 400;\">feito<\/span> <span style=\"font-weight: 400;\">sob<\/span> <span style=\"font-weight: 400;\">seda\u00e7\u00e3o, sem cortes<\/span> <span style=\"font-weight: 400;\">e<\/span> <span style=\"font-weight: 400;\">o<\/span> <span style=\"font-weight: 400;\">paciente<\/span> <span style=\"font-weight: 400;\">tem<\/span> <span style=\"font-weight: 400;\">alta<\/span> <span style=\"font-weight: 400;\">no<\/span> <span style=\"font-weight: 400;\">mesmo<\/span> <span style=\"font-weight: 400;\">dia<\/span><span style=\"font-weight: 400;\">.<\/span><\/p>\t\t\t\t\t\t<\/div>\n\t\t\t\t<\/div>\n\t\t\t\t<div class=\"elementor-element elementor-element-993eec9 elementor-widget elementor-widget-heading\" data-id=\"993eec9\" data-element_type=\"widget\" data-widget_type=\"heading.default\">\n\t\t\t\t<div class=\"elementor-widget-container\">\n\t\t\t<h2 class=\"elementor-heading-title elementor-size-default\">A RADIOFREQU\u00caNCIA DO TRIGEMEO \u00c9 UM PROCEDIMENTO DOLOROSO?\n<\/h2>\t\t<\/div>\n\t\t\t\t<\/div>\n\t\t\t\t<div class=\"elementor-element elementor-element-50a4054 elementor-widget elementor-widget-text-editor\" data-id=\"50a4054\" data-element_type=\"widget\" data-widget_type=\"text-editor.default\">\n\t\t\t\t<div class=\"elementor-widget-container\">\n\t\t\t\t\t\t\t<p><span style=\"font-weight: 400;\">N\u00e3o, a seda\u00e7\u00e3o a qual o paciente \u00e9 submetido (ex. como uma endoscopia), garante o conforto do procedimento.<\/span><\/p>\t\t\t\t\t\t<\/div>\n\t\t\t\t<\/div>\n\t\t\t\t<div class=\"elementor-element elementor-element-ff634ab elementor-widget elementor-widget-heading\" data-id=\"ff634ab\" data-element_type=\"widget\" data-widget_type=\"heading.default\">\n\t\t\t\t<div class=\"elementor-widget-container\">\n\t\t\t<h2 class=\"elementor-heading-title elementor-size-default\">A RADIOFREQU\u00caNCIA DO NERVO TRIG\u00caMEO \u00c9 UM PROCEDIMENTO EFICAZ?\n<\/h2>\t\t<\/div>\n\t\t\t\t<\/div>\n\t\t\t\t<div class=\"elementor-element elementor-element-dbac1f8 elementor-widget elementor-widget-text-editor\" data-id=\"dbac1f8\" data-element_type=\"widget\" data-widget_type=\"text-editor.default\">\n\t\t\t\t<div class=\"elementor-widget-container\">\n\t\t\t\t\t\t\t<p><span style=\"font-weight: 400;\">Este<\/span> <span style=\"font-weight: 400;\">estudo<\/span> <span style=\"font-weight: 400;\">publicado<\/span> <span style=\"font-weight: 400;\">na<\/span> <span style=\"font-weight: 400;\">revista<\/span> <span style=\"font-weight: 400;\">m\u00e9dica<\/span><span style=\"font-weight: 400;\"> \u201c<\/span><span style=\"font-weight: 400;\">Neurosurgery<\/span><span style=\"font-weight: 400;\">\u201d <\/span><span style=\"font-weight: 400;\">avaliou<\/span> <span style=\"font-weight: 400;\">a<\/span> <span style=\"font-weight: 400;\">efic\u00e1cia<\/span> <span style=\"font-weight: 400;\">do<\/span> <span style=\"font-weight: 400;\">tratamento<\/span> <span style=\"font-weight: 400;\">com<\/span> <span style=\"font-weight: 400;\">a<\/span> <span style=\"font-weight: 400;\">radiofrequ\u00eancia<\/span> <span style=\"font-weight: 400;\">em<\/span> <span style=\"font-weight: 400;\">pacientes<\/span> <span style=\"font-weight: 400;\">com<\/span> <span style=\"font-weight: 400;\">neuralgia<\/span> <span style=\"font-weight: 400;\">do<\/span> <span style=\"font-weight: 400;\">trig\u00eameo<\/span><span style=\"font-weight: 400;\">. <\/span><span style=\"font-weight: 400;\">O estudo avaliou 1600 pacientes com neuralgia do trig\u00eameo que n\u00e3o melhoravam com uso de medicamentos . Todos os pacientes foram submetidos ao procedimento de radiofrequ\u00eancia. Os resultados do estudo foram impressionantes e os<\/span> <span style=\"font-weight: 400;\">autores<\/span> <span style=\"font-weight: 400;\">conclu\u00edram<\/span> <span style=\"font-weight: 400;\">que<\/span> <span style=\"font-weight: 400;\">o<\/span> <span style=\"font-weight: 400;\">procedimento<\/span> <span style=\"font-weight: 400;\">\u00e9<\/span> <span style=\"font-weight: 400;\">altamente<\/span> <span style=\"font-weight: 400;\">eficaz<\/span><span style=\"font-weight: 400;\">, <\/span><span style=\"font-weight: 400;\">resultando em melhora das dores em 95% dos pacientes.<\/span><\/p>\t\t\t\t\t\t<\/div>\n\t\t\t\t<\/div>\n\t\t\t\t\t<\/div>\n\t\t<\/div>\n\t\t\t\t\t<\/div>\n\t\t<\/section>\n\t\t\t\t<\/div>\n\t\t","protected":false},"excerpt":{"rendered":"<p>RADIOFREQU\u00caNCIA COMO \u00c9 FEITO O TRATAMENTO DA NEURALGIA DO TRIG\u00caMEO? Inicialmente o tratamento \u00e9 realizado com alguns medicamentos espec\u00edficos, emespecial anticonvulsivantes. Em 50 a 70% dos casos os medicamentos s\u00e3o suficientespara o controle das dores do paciente. Quando o tratamento medicamentoso n\u00e3o \u00e9 suficiente, podemos utilizar ostratamentos minimamente invasivos sendo o mais utilizado a radiofrequ\u00eancia dotrig\u00eameo. EM QUE CONSISTE A RADIOFREQU\u00caNCIA DO TRIGEMEO? A radiofrequ\u00eancia do nervo trigemeo consiste na aplica\u00e7\u00e3o de uma corrente el\u00e9trica no nervo trig\u00eameo, inativando-o. Uma agulha \u00e9 colocada ao lado do nervo afetado, por dentro dessa agulha \u00e9 colocado um eletrodo que, por sua vez, \u00e9 ligado a um gerador de radiofrequ\u00eancia. \u00c9 esse gerador que emitira as ondas de radiofrequ\u00eancia respons\u00e1veis pela inativa\u00e7\u00e3o do nervo. O tratamento \u00e9 feito sob seda\u00e7\u00e3o, sem cortes e o paciente tem alta no mesmo dia. A RADIOFREQU\u00caNCIA DO TRIGEMEO \u00c9 UM PROCEDIMENTO DOLOROSO? N\u00e3o, a seda\u00e7\u00e3o a qual o paciente \u00e9 submetido (ex. como uma endoscopia), garante o conforto do procedimento. A RADIOFREQU\u00caNCIA DO NERVO TRIG\u00caMEO \u00c9 UM PROCEDIMENTO EFICAZ? Este estudo publicado na revista m\u00e9dica \u201cNeurosurgery\u201d avaliou a efic\u00e1cia do tratamento com a radiofrequ\u00eancia em pacientes com neuralgia do trig\u00eameo. O estudo avaliou 1600 pacientes com neuralgia do trig\u00eameo que n\u00e3o melhoravam com uso de medicamentos . Todos os pacientes foram submetidos ao procedimento de radiofrequ\u00eancia. Os resultados do estudo foram impressionantes e os autores conclu\u00edram que o procedimento \u00e9 altamente eficaz, resultando em melhora das dores em 95% dos pacientes.<\/p>\n","protected":false},"author":1,"featured_media":0,"parent":0,"menu_order":0,"comment_status":"closed","ping_status":"closed","template":"elementor_header_footer","meta":{"_joinchat":[],"footnotes":""},"class_list":["post-1608","page","type-page","status-publish","hentry"],"_links":{"self":[{"href":"https:\/\/drandremansano.com.br\/index.php\/wp-json\/wp\/v2\/pages\/1608"}],"collection":[{"href":"https:\/\/drandremansano.com.br\/index.php\/wp-json\/wp\/v2\/pages"}],"about":[{"href":"https:\/\/drandremansano.com.br\/index.php\/wp-json\/wp\/v2\/types\/page"}],"author":[{"embeddable":true,"href":"https:\/\/drandremansano.com.br\/index.php\/wp-json\/wp\/v2\/users\/1"}],"replies":[{"embeddable":true,"href":"https:\/\/drandremansano.com.br\/index.php\/wp-json\/wp\/v2\/comments?post=1608"}],"version-history":[{"count":0,"href":"https:\/\/drandremansano.com.br\/index.php\/wp-json\/wp\/v2\/pages\/1608\/revisions"}],"wp:attachment":[{"href":"https:\/\/drandremansano.com.br\/index.php\/wp-json\/wp\/v2\/media?parent=1608"}],"curies":[{"name":"wp","href":"https:\/\/api.w.org\/{rel}","templated":true}]}}